{"id":54,"date":"2018-01-06T16:51:17","date_gmt":"2018-01-06T15:51:17","guid":{"rendered":"https:\/\/www.vehiculesanciens-airbuspalays.fr\/calendar\/"},"modified":"2023-12-24T17:01:32","modified_gmt":"2023-12-24T16:01:32","slug":"calendar","status":"publish","type":"page","link":"https:\/\/www.vehiculesanciens-airbuspalays.fr\/?page_id=54","title":{"rendered":"Calendrier"},"content":{"rendered":"<p>Voici le calendrier pr\u00e9visionnel des \u00e9v\u00e8nements \u00e0 venir :<\/p>\n<p><span style=\"color: #000080;\"><strong>Merci de vous renseigner sur les \u00e9v\u00e9nements, leur maintien, leur report ou leur \u00e9ventuelle annulation\u00a0<\/strong><\/span><\/p>\n\n\n<p><\/p>\n","protected":false},"excerpt":{"rendered":"<p>Voici le calendrier pr\u00e9visionnel des \u00e9v\u00e8nements \u00e0 venir : Merci de vous renseigner sur les \u00e9v\u00e9nements, leur maintien, leur report ou leur \u00e9ventuelle annulation\u00a0<\/p>\n","protected":false},"author":1,"featured_media":0,"parent":0,"menu_order":0,"comment_status":"closed","ping_status":"closed","template":"","meta":{"footnotes":""},"class_list":["post-54","page","type-page","status-publish","hentry"],"publishpress_future_action":{"enabled":false,"date":"2026-05-06 02:25:43","action":"change-status","newStatus":"draft","terms":[],"taxonomy":"","extraData":[]},"publishpress_future_workflow_manual_trigger":{"enabledWorkflows":[]},"_links":{"self":[{"href":"https:\/\/www.vehiculesanciens-airbuspalays.fr\/index.php?rest_route=\/wp\/v2\/pages\/54","targetHints":{"allow":["GET"]}}],"collection":[{"href":"https:\/\/www.vehiculesanciens-airbuspalays.fr\/index.php?rest_route=\/wp\/v2\/pages"}],"about":[{"href":"https:\/\/www.vehiculesanciens-airbuspalays.fr\/index.php?rest_route=\/wp\/v2\/types\/page"}],"author":[{"embeddable":true,"href":"https:\/\/www.vehiculesanciens-airbuspalays.fr\/index.php?rest_route=\/wp\/v2\/users\/1"}],"replies":[{"embeddable":true,"href":"https:\/\/www.vehiculesanciens-airbuspalays.fr\/index.php?rest_route=%2Fwp%2Fv2%2Fcomments&post=54"}],"version-history":[{"count":6,"href":"https:\/\/www.vehiculesanciens-airbuspalays.fr\/index.php?rest_route=\/wp\/v2\/pages\/54\/revisions"}],"predecessor-version":[{"id":3280,"href":"https:\/\/www.vehiculesanciens-airbuspalays.fr\/index.php?rest_route=\/wp\/v2\/pages\/54\/revisions\/3280"}],"wp:attachment":[{"href":"https:\/\/www.vehiculesanciens-airbuspalays.fr\/index.php?rest_route=%2Fwp%2Fv2%2Fmedia&parent=54"}],"curies":[{"name":"wp","href":"https:\/\/api.w.org\/{rel}","templated":true}]}}

<p>Voici le calendrier prévisionnel des évènements à venir :</p>
<p><span style="color: #000080;"><strong>Merci de vous renseigner sur les événements, leur maintien, leur report ou leur éventuelle annulation </strong></span></p>


<p></p>

<p>Voici le calendrier prévisionnel des évènements à venir : Merci de vous renseigner sur les événements, leur maintien, leur report ou leur éventuelle annulation </p>
