{"id":17,"date":"2018-01-06T13:47:24","date_gmt":"2018-01-06T12:47:24","guid":{"rendered":"https:\/\/www.vehiculesanciens-airbuspalays.fr\/?page_id=17"},"modified":"2018-04-21T13:32:40","modified_gmt":"2018-04-21T11:32:40","slug":"section","status":"publish","type":"page","link":"https:\/\/www.vehiculesanciens-airbuspalays.fr\/?page_id=17","title":{"rendered":"La section"},"content":{"rendered":"<h6><em>\u00a0<\/em><\/h6>\n<h6><em>\u00ab\u00a0Je me souviens des chemins parcourus dans la 2CV de mes grands-parents, c\u2019\u00e9tait g\u00e9nial\u00a0!\u00a0\u00bb<\/em><\/h6>\n<h6><em>\u00ab\u00a0\u00c7a vous dirait de restaurer un ancien v\u00e9hicule ensemble\u00a0?\u00a0\u00bb<\/em><\/h6>\n<h6><em>\u00ab\u00a0 Les beaux jours arrivent \u00e7a vous dirait de sortir vos voitures ce week-end et d\u00e9couvrir en m\u00eame temps la r\u00e9gion\u00a0?\u00a0\u00bb<\/em><\/h6>\n<h6><em>\u00ab\u00a0J&#8217;ai une vieille cox dans mon garage j&#8217;aimerais bien la restaurer\u00a0\u00bb<\/em><\/h6>\n<p>&nbsp;<\/p>\n<p>C\u2019est \u00e0 travers ces mots que quelques amateurs de v\u00e9hicules anciens d\u2019Airbus Defence and Space ont d\u00e9cid\u00e9 de cr\u00e9er sans plus tarder l\u2019association <strong>\u00ab\u00a0V\u00e9hicules anciens\u00a0\u00bb<\/strong> afin de\u00a0:<\/p>\n<ul>\n<li><strong>F\u00e9d\u00e9rer les passionn\u00e9s de v\u00e9hicules anciens<\/strong> autour de projets et \u00e9v\u00e9nements communs<\/li>\n<li><strong>Promouvoir le partage d\u2019exp\u00e9rience<\/strong><\/li>\n<li>Et avant tout avoir le<strong> plaisir de revivre\u00a0de bons moments\u00a0\u00a0et anecdotes<\/strong> d&#8217;Antan riches en \u00e9motions<\/li>\n<\/ul>\n<p>&nbsp;<\/p>\n","protected":false},"excerpt":{"rendered":"<p>\u00a0 \u00ab\u00a0Je me souviens des chemins parcourus dans la 2CV de mes grands-parents, c\u2019\u00e9tait g\u00e9nial\u00a0!\u00a0\u00bb \u00ab\u00a0\u00c7a vous dirait de restaurer un ancien v\u00e9hicule ensemble\u00a0?\u00a0\u00bb \u00ab\u00a0 Les beaux jours arrivent \u00e7a vous dirait de sortir vos voitures ce week-end et d\u00e9couvrir <a class=\"more-link\" href=\"https:\/\/www.vehiculesanciens-airbuspalays.fr\/?page_id=17\">Continuer la lecture <span class=\"screen-reader-text\">  La section<\/span><span class=\"meta-nav\">&rarr;<\/span><\/a><\/p>\n","protected":false},"author":5,"featured_media":0,"parent":0,"menu_order":0,"comment_status":"closed","ping_status":"closed","template":"","meta":{"footnotes":""},"class_list":["post-17","page","type-page","status-publish","hentry"],"publishpress_future_action":{"enabled":false,"date":"2026-05-06 03:28:08","action":"change-status","newStatus":"draft","terms":[],"taxonomy":"","extraData":[]},"publishpress_future_workflow_manual_trigger":{"enabledWorkflows":[]},"_links":{"self":[{"href":"https:\/\/www.vehiculesanciens-airbuspalays.fr\/index.php?rest_route=\/wp\/v2\/pages\/17","targetHints":{"allow":["GET"]}}],"collection":[{"href":"https:\/\/www.vehiculesanciens-airbuspalays.fr\/index.php?rest_route=\/wp\/v2\/pages"}],"about":[{"href":"https:\/\/www.vehiculesanciens-airbuspalays.fr\/index.php?rest_route=\/wp\/v2\/types\/page"}],"author":[{"embeddable":true,"href":"https:\/\/www.vehiculesanciens-airbuspalays.fr\/index.php?rest_route=\/wp\/v2\/users\/5"}],"replies":[{"embeddable":true,"href":"https:\/\/www.vehiculesanciens-airbuspalays.fr\/index.php?rest_route=%2Fwp%2Fv2%2Fcomments&post=17"}],"version-history":[{"count":7,"href":"https:\/\/www.vehiculesanciens-airbuspalays.fr\/index.php?rest_route=\/wp\/v2\/pages\/17\/revisions"}],"predecessor-version":[{"id":699,"href":"https:\/\/www.vehiculesanciens-airbuspalays.fr\/index.php?rest_route=\/wp\/v2\/pages\/17\/revisions\/699"}],"wp:attachment":[{"href":"https:\/\/www.vehiculesanciens-airbuspalays.fr\/index.php?rest_route=%2Fwp%2Fv2%2Fmedia&parent=17"}],"curies":[{"name":"wp","href":"https:\/\/api.w.org\/{rel}","templated":true}]}}

<h6><em> </em></h6>
<h6><em>« Je me souviens des chemins parcourus dans la 2CV de mes grands-parents, c’était génial ! »</em></h6>
<h6><em>« Ça vous dirait de restaurer un ancien véhicule ensemble ? »</em></h6>
<h6><em>«  Les beaux jours arrivent ça vous dirait de sortir vos voitures ce week-end et découvrir en même temps la région ? »</em></h6>
<h6><em>« J&#8217;ai une vieille cox dans mon garage j&#8217;aimerais bien la restaurer »</em></h6>
<p>&nbsp;</p>
<p>C’est à travers ces mots que quelques amateurs de véhicules anciens d’Airbus Defence and Space ont décidé de créer sans plus tarder l’association <strong>« Véhicules anciens »</strong> afin de :</p>
<ul>
<li><strong>Fédérer les passionnés de véhicules anciens</strong> autour de projets et événements communs</li>
<li><strong>Promouvoir le partage d’expérience</strong></li>
<li>Et avant tout avoir le<strong> plaisir de revivre de bons moments  et anecdotes</strong> d&#8217;Antan riches en émotions</li>
</ul>
<p>&nbsp;</p>

<p>  « Je me souviens des chemins parcourus dans la 2CV de mes grands-parents, c’était génial ! » « Ça vous dirait de restaurer un ancien véhicule ensemble ? » «  Les beaux jours arrivent ça vous dirait de sortir vos voitures ce week-end et découvrir <a class="more-link" href="https://www.vehiculesanciens-airbuspalays.fr/?page_id=17">Continuer la lecture <span class="screen-reader-text">  La section</span><span class="meta-nav">&rarr;</span></a></p>
